t) = t**2 + 107*t - 34177. Let l be n(139). Let o(q) = -7*q + q**2 - 16*q + 30 + 4*q. Determine o(l).
-4
Suppose -v + 6 = -4*v. Let y = 72 - 74. Let h be -1 - (2 + y + v). Let a(d) = 12*d**3 + d - 1. Calculate a(h).
12
Let x = -284 - -286. Let a(s) = 10*s**x + 6*s + 146*s**3 + 4 - 147*s**3 + 5*s. Determine a(11).
4
Let i(y) be the first derivative of -y**3/3 - 9*y**2/2 - 17*y - 2. Suppose 6*v + 13 + 29 = 0. Let d be i(v). Let b(w) = w**2 + 2*w - 1. Calculate b(d).
2
Suppose -177 = -83*s - 372 - 1050. Let z(l) = l**3 + 16*l**2 + 15*l - 5. What is z(s)?
-5
Let s be 23 + 7*(-2)/(-14). Let q(w) = 47*w + w**3 + 5 - 24*w + 0 - s*w + 5*w**2. Let k = 3 + -8. Determine q(k).
10
Let o(g) = g**3 + 23*g**2 + 24*g + 53. Let h be o(-22). Suppose 3*n - 60 = h*n. Let v(q) = -q - 8. What is v(n)?
2
Let b be -7 + 10 + -7 + -4. Let r(n) = 3 + 2*n - 20*n**2 - 16*n**2 + 7*n + 55*n**2 - 18*n**2. Give r(b).
-5
Let j(y) be the third derivative of -y**6/60 + 7*y**5/30 - y**4/24 + y**3/2 - 14*y**2 + 70. Give j(7).
-4
Let x(a) be the first derivative of 1/2*a**2 + 30 + 0*a + 4/3*a**3. What is x(1)?
5
Let y(n) = 684 + 695 + 15*n - 1244. What is y(-8)?
15
Let z(q) = -2*q**3 + 43*q**2 - 18*q - 52. Let m(o) = o**3 - 7*o**2 + 4*o + 33. Let l be m(6). Give z(l).
11
Let q(a) = -5*a**2 + 34*a + 11. Let h be q(7). Let x(t) = 4756 + h*t - t - 4753. Calculate x(3).
12
Let y(u) = u**3 + 9*u**2 + 16*u + 9. Let p be (-891)/1782*2*2*(-8)/(-2). Give y(p).
-55
Let h(w) = w**2 - 3*w - 7. Let o be 13 - (0 + -1 - -1). Let d = o + -3. Let k be (3 - 8)*(-12)/d. Determine h(k).
11
Suppose -106*y - 24 = -110*y. Let u(z) = 18*z - 128. Give u(y).
-20
Let f = 121 - 132. Let n(z) be the first derivative of z**3/3 + 5*z**2 - 8*z + 138. Determine n(f).
3
Let u(x) be the first derivative of x**4/4 - x**2 - 4*x + 519. Give u(-3).
-25
Let f(h) = h**2 + 2*h - 8. Let r(n) = n**3 + 9*n**2 + 7. Let t be r(-9). Let d be -6 + 1 + t + 4. Calculate f(d).
40
Let t(h) be the third derivative of -5*h**4/24 - h**3 - 7*h**2. Let j(c) = 3*c + 4. Let n(a) = 8*j(a) + 5*t(a). Let r = 5 + -11. Give n(r).
8
Let d(b) = b**3 - b**2 - 2*b - 1. Let p = 508 - 500. Let i be ((-6)/(-2))/(12/p). Give d(i).
-1
Let h(q) = -15*q - 388. Let o be h(-25). Let g(j) = -j**2 - 9*j + 30. Determine g(o).
-22
Let w(a) be the first derivative of 2*a**3/3 + 16*a**2 + 2*a - 480. Calculate w(-15).
-28
Let d(u) be the second derivative of -9*u**5/20 + u**4/12 + u**3/6 + u**2/2 - 3*u. Let m(h) = 0 - 3 + 2 + 17*h - 5*h. Let w be m(0). What is d(w)?
10
Let v(p) = -p**3 + p**2 + 2. Let h(m) = 2*m - 1. Let r(g) = 8*g - 1. Let t be r(2). Let y be h(t). Let z = y - 29. What is v(z)?
2
Let v(f) = -75*f + 78*f - 3 + 6. Let p(r) be the second derivative of r**5/20 + r**4/2 - 7*r**3/6 - 3*r**2/2 + 3*r. Let n be p(-7). Determine v(n).
-6
Let d = -46 - -47. Let u be 3 + (1 - 3/d). Let s(k) be the first derivative of -5*k**4/2 + k**3/3 - k**2 + k + 7. Give s(u).
-10
Let g(d) = 6*d + 2. Let o(t) = 20*t - 3. Let v be o(2). Let h = -4027 - -4066. Let k = h - v. Calculate g(k).
14
Let s(u) = -23 - 3*u + 36*u + u - 29*u. Determine s(10).
27
Let t(w) = 358*w + 361*w + 359*w - 1073*w - 7. Give t(3).
8
Let o = -353 + 363. Let v(z) = 3*z + o*z + 7*z - 13*z - 10. Determine v(2).
4
Let p(f) = 0*f**2 + 17 + 3*f**2 + 47*f + 40*f - 95*f. Calculate p(4).
33
Let u(n) be the third derivative of n**6/60 - n**5/30 - n**4/4 - 2*n**3/3 + 2*n**2 + 3*n - 80. Calculate u(3).
14
Let c(p) be the third derivative of p**4/4 + p**3/3 + 134*p**2. Calculate c(-11).
-64
Let t(r) be the first derivative of 5*r**2 - 80*r + 7465. What is t(13)?
50
Let d = -1419 + 1425. Let c(o) = -o**3 + 4*o**2 + o + 10. Give c(d).
-56
Suppose -c - 39 = 4*i - 0*i, -3*i = -c + 24. Let s(x) be the first derivative of -x**3/3 - 5*x**2 - 7*x - 40. Determine s(i).
2
Let m(i) be the third derivative of i**4/24 + 3*i**3/2 + 671*i**2. Determine m(-6).
3
Let q(u) be the second derivative of u**3/2 - u**2/2 - u. Let n be 4 + (1 - 4) + (0 - -1). Let v be (-18)/15*5/n. Give q(v).
-10
Let m(y) = y**3 - 7*y**2 - 9*y - 5. Let a(q) be the second derivative of q**5/20 + 2*q**3/3 - 9*q**2/2 - 29*q. Let t be a(4). Let n = t + -63. What is m(n)?
-13
Let d = 16122 - 16122. Let b(f) = f**3 - 4*f**2 + 2*f - 2. Calculate b(d).
-2
Let v(r) = 5250067*r - 4 - 2*r**2 - 13 - 5250050*r. What is v(1)?
-2
Suppose 5*p + 7*o + 45 = 4*o, 0 = p + 2*o + 9. Let f be p*(-5 - 56/(-12)). Let q(c) = c - 2. Calculate q(f).
1
Suppose 15*a + 22*a - 666 = 0. Let w(y) = 9*y - 153. Determine w(a).
9
Let u(q) be the second derivative of 41*q**3/6 + 6*q**2 + 11358*q. Give u(-4).
-152
Let t(n) = 2*n**3 - n**2 + 2. Suppose -5*j = -5, -4*j + 1 = 3*h - 3. Let v(c) = -14*c + 2. Let l be v(h). What is t(l)?
14
Let s(q) be the third derivative of -q**6/120 + q**5/12 - q**4/12 + 7*q**3/6 - 945*q**2. Let h be 150/45*(-3)/(-2). Give s(h).
-3
Suppose 61*q - 34*q = 189. Let v be (-8 + 3 - (-1 + q)) + 1. Let c(p) = -p**3 - 10*p**2 - 9. Determine c(v).
-9
Suppose -5*r - 55*b = -50*b + 35, -r - 1 = -5*b. Let a(c) = 51*c + 312. Calculate a(r).
6
Suppose 0 = 7*s - 3*s + 88. Let t be 2/4*(s - 28/(-7)). Let o(u) = -u**3 - 8*u**2 + 8*u - 2. Give o(t).
7
Let s(y) be the first derivative of -y**4/4 - 11*y**3/3 - 4*y**2 + 13*y - 2715. Give s(-9).
-77
Let j = 2452 + -2453. Let c(f) = -130*f - 2. Calculate c(j).
128
Suppose 3*l - 48*n = -52*n - 4, 24 = 2*l - 4*n. Let y = 4 - 2. Suppose -l*o = -6*o - y. Let x(g) = -15*g. Give x(o).
15
Let g(i) be the second derivative of 7*i**3/6 + 127*i**2/2 + 2932*i. What is g(-18)?
1
Let y(v) = -v**3 - 5*v**2 - 3*v - 2. Let o be (0 + (-6)/4)/(4/(-16)). Suppose 8*l = o*l - 10. Determine y(l).
13
Let l = 30 + -8. Let c be l/4 - (-1)/(-2). Let a(x) = 4*x - x - c*x + 4. What is a(4)?
-4
Let o be (-1 - (-1)/(-2))/((-11)/198). Suppose -o = -11*r + 2*r. Let d(i) = i**3 - 24*i**r - 13 + 13 + i. Determine d(1).
-22
Suppose -20*i = -26*i - 270. Let v = 46 + i. Let c(o) be the third derivative of -o**4/12 + o**3/6 + 19*o**2. Give c(v).
-1
Let z(i) = -16 + 3*i**2 + 36505*i - 72995*i + 36497*i. Give z(2).
10
Let a = 28 + -25. Suppose -3*k - 9 = -a*j, -5*j - 4*k + 5 = k. Let o(h) = 0*h**2 + 0*h**2 - h + 3*h**j + 0*h**2. Determine o(1).
2
Let b(c) be the second derivative of 0 + 153*c + 11*c**2 + 1/2*c**3. Calculate b(-9).
-5
Suppose -3*g - 5*k + 23 = 0, -4*g = -0*g + 5*k - 24. Let w(p) = 1 - 3 - g + p + 1. Suppose -18*h - 19*h + 14 - 14 = 0. Determine w(h).
-2
Let k(g) be the first derivative of g + 78 - 5/2*g**2. What is k(1)?
-4
Let u(p) = -p**3 + 13*p**2 + 28*p + 33. Let m be u(15). Suppose 4*a = -4, 0 = -22*s + 19*s - 3*a - m. Let l(y) = -y + 3. Give l(s).
3
Suppose 4*i = -4*q + 580, 3*i + 108 - 535 = 5*q. Let g be (i/(-80))/(3/10). Let w(u) = -u**3 - 5*u**2 + 5*u + 1. What is w(g)?
7
Let n = -219 - -228. Let z = 28 - 26. Let p(v) = 5 - z*v**3 + 127*v**2 + 4 - 136*v**2 + 3*v**3. What is p(n)?
9
Let h be -1 - 1/(-2) - (-68)/8. Let g(j) = 2*j - 13. Let i(f) = -3*f + 22. Let s(w) = h*g(w) + 5*i(w). Calculate s(3).
9
Suppose -4*w + z = 385, -2*z = 3*w - 41 + 316. Let x = w - -95. Let j(h) be the second derivative of h**4/12 - h**3/6 - 21*h**2/2 - 13*h. What is j(x)?
-21
Let t = -5460 + 5461. Let o(k) = -3*k + 7. Calculate o(t).
4
Let i(s) = -3 - 8*s**2 + 18*s + 2 - 3 + 12*s**3 - 10*s - 10*s**3. Calculate i(3).
2
Let w(q) = -q**3 + q**2 - 3*q - 3. Let c(t) = -t + 11*t + 397 - t**2 + 406 - 794. Let l be c(11). Determine w(l).
15
Let c(m) be the second derivative of -m**3/6 + 3*m**2 - m. Let w(t) = -12 + t**3 + 12916*t**2 - 12925*t**2 - 12 + 3*t. Let n be w(9). What is c(n)?
3
Let z(b) = -13*b**3. Let v be z(-1). Suppose v*t - 28 = 50. Let h(g) = 1 + 3 + 1 + 4*g + 0*g**2 - g**2. Determine h(t).
-7
Let x(d) = 17*d**3 + 4*d**2 - 13*d - 10. Let l(k) = -19*k**3 - 4*k**2 + 15*k + 12. Let o(p) = 5*l(p) + 6*x(p). Calculate o(2).
66
Let j = 59466 + -59461. Let l(k) = 10*k**2 - 21*k - 7. Let z(n) = 3*n**2 - 7*n - 2. Let w(s) = s + 2. Let u be w(-4). Let p(o) = u*l(o) + 7*z(o). What is p(j)?
-10
Let v(d) be the second derivative of d**4/3 - 19*d**3/2 - 11*d**2/2 - 7*d - 126. Give v(14).
-25
Suppose -m + 5 = t - 8, 0 = t + 2*m - 18. Suppose 4*z + 0 = -u + t, 0 = 2*u. Let a(c) = z + 116*c**2 - 118*c**2 + 6*c**3 - 1. Give a(-1).
-7
Let i(o) = -3*o**3 - 3*o**2 + 2*o - 1. Su